/(-4). Suppose 2*k - 5*k = 0. Suppose k*b - 56 = -y*b. Is b a prime number?
False
Suppose 3*j - 6 = -5*t - 16, 0 = 4*t - 5*j - 29. Is t*(4 + 74 + -1) a composite number?
True
Let i(d) = -d + 2. Let r be i(0). Suppose 3*z - 5 = 2*v, 5*z - r*z - 1 = v. Let j(h) = -133*h. Is j(z) prime?
False
Let u be 2 + 8/(-4) + 6. Let h(y) = y**3 - 4*y**2 + 5. Is h(u) prime?
False
Suppose -2*j - 99 = -6*j + 3*y, -4*j + 74 = 2*y. Let c = 14 - 9. Suppose 29 + j = c*q. Is q composite?
True
Is (-4)/(-2) - (2 - 9 - 1) composite?
True
Is (2045/4)/(-5)*-4 composite?
False
Let m = 8 + -4. Suppose 4*a - m*o - 2 = 90, 5*a - 3*o = 111. Is a a composite number?
True
Let b(n) be the second derivative of -2*n**3/3 + 2*n**2 + n. Let g be b(4). Is ((-2)/6)/(2/g) a composite number?
False
Let r(h) = 6*h - 6. Let u be r(14). Suppose -i + 64 + u = 0. Is i composite?
True
Let h be (-20)/(-6) - (-6)/9. Suppose 3*l = h*l. Suppose 3*s = l, 3*m + 4*s - 52 = -m. Is m a composite number?
False
Is 3851*1 - (-9 + 13) a composite number?
False
Is 38385/33 + 8/(-44) a prime number?
True
Let z(l) = l + 2. Let n be z(2). Let i be (-2)/(-1) + (n - -25). Suppose 0 = 5*y + 3*s - 181, 3*s + i = y + s. Is y prime?
False
Let z(s) = -s**2 + 5*s + 673. Is z(0) composite?
False
Let p = -2429 - -4416. Is p a prime number?
True
Suppose -d + 4*d - 474 = 0. Is d composite?
True
Suppose -2*o - 1729 = -3*o. Suppose 0 = -3*a - 2*g + 1283, -3*a - a + g + o = 0. Is a composite?
False
Let a = -165 - -326. Is a a composite number?
True
Is (10/(-30))/(1/(-6999)) composite?
False
Suppose 0*b = 2*b + 2. Let g(t) = 22*t**2 + t. Is g(b) a composite number?
True
Suppose -3*o + 3*m = -9, -4*o + 5 + 4 = -3*m. Suppose -l + 19 = -o*l. Is l composite?
False
Suppose q = 5*q. Let g be (-4)/(-8)*(-12)/(-3). Suppose g*d - 46 = -q*d. Is d a prime number?
True
Let y be (20/(-6))/(2/(-3)). Suppose -5*k + 25 = 0, -y*x - 3*k + 555 = -k. Is x prime?
True
Let d(t) = -653*t. Is d(-1) a prime number?
True
Suppose -3*q - 6 = 2*r, -8 = 2*q + 3*r + 1. Suppose q*m - 12 = -3*m, 5*g + 5*m = 485. Is g prime?
False
Suppose 4*q - 1592 = -4*h, 2*h = 2*q + 2*q - 1604. Suppose 5*n + 5*z - q = -0*n, 3*n = -4*z + 245. Suppose -6*t + n = -t. Is t a composite number?
True
Let g be (10/6)/(9/27). Suppose 0*x + 5*z = x - 137, -5*x = -g*z - 645. Is x a prime number?
True
Let z(p) = -p**2 - p. Let l be z(-1). Suppose -260 = -5*g + g - 4*s, 4*g - 5*s - 278 = l. Is g prime?
True
Let h = 1975 - 1284. Is h prime?
True
Let a = 11 + -8. Let n be ((-37)/a)/((-2)/(-36)). Let q = n - -341. Is q a prime number?
False
Let f = -9 + 9. Suppose -q + 2*t + 30 = f, 3*q - 5*t - 92 = -0*t. Is q a composite number?
True
Let k(c) = 77*c + 3. Let y be k(-6). Let x = y - -1336. Is x a composite number?
False
Let w(r) = 2*r + 2. Let s be w(-5). Is 204/16 - 2/s a prime number?
True
Suppose -4*c + 0*c = -580. Is c composite?
True
Suppose -4*q - 2*j + 304 = 0, j - 239 = -3*q + 5*j. Suppose -4*c - 2*m - m = q, -c - m = 18. Let f = 46 + c. Is f a prime number?
True
Suppose 0 = -p - m - 91, -3*p - 2*m = 2*m + 274. Let y be (-5)/(-1 - (-56)/58). Let i = y + p. Is i a prime number?
False
Suppose 16 = -4*i, -2*z + 0*i + 34 = i. Is (z/2)/((-1)/(-2)) prime?
True
Suppose 5*n - 80 = 435. Let v = n - -160. Is v a prime number?
True
Let q = -1253 - -2164. Is q a composite number?
False
Let w(a) = 8*a**2 - 3*a - 4. Let h be w(6). Suppose 0 = -2*c + 2*n + 262, -3*c + 3*n + h = -c. Is c composite?
False
Suppose -20 = 6*s - 2*s. Let p = s - -5. Suppose 18 = r - 5*k, p = 7*r - 2*r - 2*k - 21. Is r composite?
False
Let x(y) = y**2 - y. Let s be x(-1). Is ((-6)/(-6))/(s/28) a composite number?
True
Suppose -5*h = -25 + 5. Suppose 6 + 2 = h*a, -3357 = -5*v + 4*a. Is v a prime number?
True
Let f(y) = -y**2 - 3*y. Let h be f(-3). Suppose h = -0*l - l - 6. Is -6*((-15)/l)/(-5) a prime number?
True
Suppose 0 = 3*s - 5*c + 3, 12 + 7 = s + 5*c. Is 21/6*s/7 composite?
False
Let d = 15 + -8. Is d prime?
True
Let u = -14 - -23. Is (-40)/(-3) - (-6)/u prime?
False
Suppose -j = 0, b = 4*b - 2*j - 840. Suppose b = 4*s + 68. Is s a composite number?
False
Suppose 5*w - o = 5048, 0*w - 2*w + 3*o + 2027 = 0. Is w prime?
True
Let a = -44 + 391. Is a composite?
False
Let c = 9 - 8. Let b be (c - -1) + (-12)/6. Suppose b = -3*g + 8*g - 595. Is g prime?
False
Suppose 43 = -0*h + 4*h - 3*x, 2*x = -2*h + 4. Let t be (-144)/(-14) - 2/h. Let u = 29 - t. Is u composite?
False
Is 1 + 0 + -3 + 81 prime?
True
Let h(x) be the first derivative of 28*x**2 + 1. Let z be h(-1). Let y = z + 153. Is y composite?
False
Let h(u) = 24*u**2 - 2*u + 5. Is h(-4) composite?
False
Suppose -5*f - 25 = 15. Let q be ((-34)/(-4))/((-2)/f). Is -1 + 3 + q/2 composite?
False
Let d(g) be the first derivative of g**2/2 + 35*g - 2. Let x be d(0). Suppose l - x = -4*l. Is l prime?
True
Let j = 1 - 6. Let o = 19 + j. Is o prime?
False
Suppose -560 = 2*w + 3*w + 3*i, -5*w = -5*i + 520. Let p = w + 332. Is p a composite number?
False
Let l = 4 + -2. Suppose -5*b = -l*j + 203, -3*j - j + 4*b = -376. Is j composite?
False
Let t(k) be the second derivative of 13*k**3/6 + k. Suppose -2*z - 14 = -5*p, -7*z = 3*p - 2*z + 4. Is t(p) a prime number?
False
Let z be 22/(-8) - (-12)/16. Is (z/(-4))/(2/268) a composite number?
False
Let a(d) = d**2 - 9*d + 7. Let w = 6 + -14. Let c be a(w). Let i = c - -6. Is i a prime number?
True
Let v = -34 - -15. Let w be 6/21 + v/(-7). Let c = w - -160. Is c composite?
False
Let l(f) = -f**3 - f**2 - 2*f - 3. Let p be -4*((-10)/4 - -3). Let w be l(p). Suppose w*r = 2*x - 72, x - 2*r = -4*x + 222. Is x a prime number?
False
Suppose -2*i + 2*b = -2*b - 186, 0 = -2*i - 2*b + 162. Is i prime?
False
Let x(a) = 353*a**2 - 7*a + 7. Is x(-4) a prime number?
True
Let x(i) = 839*i + 1. Let r be x(1). Suppose -3*s + 0*s = -r. Suppose -s = -3*o + 203. Is o prime?
False
Let y(d) = -d**3 - 9*d**2 - 10*d - 1. Suppose 5*l + 15 = -4*u - 2, -4*l = -u - 20. Is y(u) prime?
False
Let u(k) = 20*k - 2. Let b be u(2). Is 11/(((-8)/b)/(-4)) composite?
True
Let d(y) be the second derivative of -631*y**3/6 + 5*y**2/2 - 9*y. Is d(-2) a prime number?
False
Is (-15604)/84*-3 + 4/(-14) composite?
False
Is (-1)/(-3) + 197756/39 a composite number?
True
Suppose -2*l + 4*l - a = 0, 3*l = -4*a + 11. Is -2 + 0 - -28 - l composite?
True
Let v be 25/5 - 1*3. Let w(s) = 5*s**3 - s**2 - 3*s + 1. Is w(v) composite?
False
Let d(q) = q**3 - 5*q**2 + 2*q. Let c be d(5). Suppose w - c = -2. Suppose -v + w = v. Is v a prime number?
False
Let j(y) = 63*y - 8. Is j(11) a composite number?
True
Suppose -j = 4*r + 8, -3*j + 2*r + 15 = r. Suppose 5*c + j*m = 53, 13 + 13 = 4*c - 5*m. Let l = 2 + c. Is l prime?
True
Suppose 2*w - 2301 = -799. Is w composite?
False
Is 2/(-4)*(-8292)/(60/10) a composite number?
False
Let o(y) = -y**3 - 10*y**2 + 10*y - 7. Let u be o(-11). Suppose s - 165 = -u*s. Is s a prime number?
False
Let h be -1 - -3*(2 - -1). Let z = -2 + 5. Suppose h*j - 115 = z*j. Is j a composite number?
False
Suppose -w - 2 = -2*w. Suppose -25 = 5*a, -4*u - 12 = -3*u + 3*a. Suppose 5*x - 4*m - 163 = w*x, -u*x - 4*m + 179 = 0. Is x a prime number?
False
Let v be (-4)/(-10)*(0 + 5). Let c be (-5)/v*(-4)/5. Is 2 - c - (-1 - 86) a composite number?
True
Let g(m) = 65*m - 3. Let n(v) = -33*v + 2. Let b(q) = 3*g(q) + 7*n(q). Let u be b(-4). Let c = u + -90. Is c prime?
True
Let s be (-28)/21*(-33)/2. Let h = 29 - s. Is h composite?
False
Suppose -2*f = 2*f - 1556. Is f prime?
True
Suppose 0 = 2*i + 4*h - 3*h + 14, -i + 5*h = -15. Let f be 1808/20 - (-2)/i. Suppose -4*a - a + 107 = -4*y, -4*a + y + f = 0. Is a prime?
True
Suppose -3*u = -4*u + 311. Is u a prime number?
True
Suppose 5*c - 7*c + 11158 = 0. Is c prime?
False
Let y = -10 + 11. Suppose -2*x = -y - 3. Suppose -3*h - 56 = -4*q, x*h = 5*q - 0*h - 63. Is q a composite number?
False
Let t(h) be the third derivative of h**6/120 + 3*h**5/20 - h**4/8 - h**3 + 4*h**2. Is t(-9) a composite number?
True
Suppose 6*f = 3*f + 3. Let g(u) = 3*u**2 - u + 1. Let p be g(f). Suppose t - p*t + 46 = 4*c, -6 = -3*c. Is t composite?
False
Let y(i) = -i**3 + 10*i**2 + 7*i + 5. Suppose -g - 2*g - 42 = -3*o, 5*o = -g + 40. Is y(o) a prime number?
True
Let i(p) = -229*p**3 - p**2 - p - 1. Let l be i(-1). Suppose l = 6*h - 2*h. Is h prime?